{"id":422,"date":"2015-03-03T17:48:55","date_gmt":"2015-03-03T16:48:55","guid":{"rendered":"http:\/\/imagetemps.fr\/?page_id=422"},"modified":"2026-04-03T15:01:26","modified_gmt":"2026-04-03T14:01:26","slug":"accueil","status":"publish","type":"page","link":"https:\/\/imagetemps.fr\/","title":{"rendered":""},"content":{"rendered":"<span data-mce-type=\"bookmark\" style=\"display: inline-block; width: 0px; overflow: hidden; line-height: 0;\" class=\"mce_SELRES_start\">\ufeff<\/span><span data-mce-type=\"bookmark\" style=\"display: inline-block; width: 0px; overflow: hidden; line-height: 0;\" class=\"mce_SELRES_start\">\ufeff<\/span><span data-mce-type=\"bookmark\" style=\"display: inline-block; width: 0px; overflow: hidden; line-height: 0;\" class=\"mce_SELRES_start\">\ufeff<\/span><span data-mce-type=\"bookmark\" style=\"display: inline-block; width: 0px; overflow: hidden; line-height: 0;\" class=\"mce_SELRES_start\">\ufeff<\/span><span data-mce-type=\"bookmark\" style=\"display: inline-block; width: 0px; overflow: hidden; line-height: 0;\" class=\"mce_SELRES_start\">\ufeff<\/span><span data-mce-type=\"bookmark\" style=\"display: inline-block; width: 0px; overflow: hidden; line-height: 0;\" class=\"mce_SELRES_start\">\ufeff<\/span><span data-mce-type=\"bookmark\" style=\"display: inline-block; width: 0px; overflow: hidden; line-height: 0;\" class=\"mce_SELRES_start\">\ufeff<\/span><span data-mce-type=\"bookmark\" style=\"display: inline-block; width: 0px; overflow: hidden; line-height: 0;\" class=\"mce_SELRES_start\">\ufeff<\/span>\r\n<h5 class=\"wp-block-heading has-medium-font-size\" style=\"font-style:normal;font-weight:300\"><strong>PRODUIRE, MAIS PAS QUE \u2026<br \/>Une fabrique \u00e0 images, \u00e0 id\u00e9es : toutes les formes audiovisuelles possibles et imaginables.<br \/>A l&rsquo;origine, une passion &#8211; \u00e9videmment &#8211; pour le cin\u00e9ma.<br \/>R\u00e9alisateur de fictions, de documentaires, faiseur de clips, magicien du num\u00e9rique, artisan du corporate \u2026<\/strong><\/h5>\r\n\r\n\r\n<a href=\"https:\/\/imagetemps.fr\/wp-content\/uploads\/2026\/04\/Chronique-dune-pensionde-famille-1mo-scaled.jpeg\"><img loading=\"lazy\" decoding=\"async\" src=\"https:\/\/imagetemps.fr\/wp-content\/uploads\/2026\/04\/Chronique-dune-pensionde-famille-1mo-724x1024.jpeg\" alt=\"\" width=\"640\" height=\"905\" class=\"aligncenter size-large wp-image-2819\" srcset=\"https:\/\/imagetemps.fr\/wp-content\/uploads\/2026\/04\/Chronique-dune-pensionde-famille-1mo-724x1024.jpeg 724w, https:\/\/imagetemps.fr\/wp-content\/uploads\/2026\/04\/Chronique-dune-pensionde-famille-1mo-212x300.jpeg 212w, https:\/\/imagetemps.fr\/wp-content\/uploads\/2026\/04\/Chronique-dune-pensionde-famille-1mo-768x1086.jpeg 768w, https:\/\/imagetemps.fr\/wp-content\/uploads\/2026\/04\/Chronique-dune-pensionde-famille-1mo-1086x1536.jpeg 1086w, https:\/\/imagetemps.fr\/wp-content\/uploads\/2026\/04\/Chronique-dune-pensionde-famille-1mo-1448x2048.jpeg 1448w, https:\/\/imagetemps.fr\/wp-content\/uploads\/2026\/04\/Chronique-dune-pensionde-famille-1mo-scaled.jpeg 1810w\" sizes=\"(max-width: 640px) 100vw, 640px\" \/><\/a><span data-mce-type=\"bookmark\" style=\"display: inline-block; width: 0px; overflow: hidden; line-height: 0;\" class=\"mce_SELRES_start\">\ufeff<\/span>\r\n\r\n<a href=\"https:\/\/imagetemps.fr\/wp-content\/uploads\/2022\/06\/affiche-dehors-dedans-v14.jpg\"><img loading=\"lazy\" decoding=\"async\" src=\"https:\/\/imagetemps.fr\/wp-content\/uploads\/2022\/06\/affiche-dehors-dedans-v14-724x1024.jpg\" alt=\"Dehors Dedans - Documentaire\" width=\"640\" height=\"905\" class=\"aligncenter size-large wp-image-2351\" srcset=\"https:\/\/imagetemps.fr\/wp-content\/uploads\/2022\/06\/affiche-dehors-dedans-v14-724x1024.jpg 724w, https:\/\/imagetemps.fr\/wp-content\/uploads\/2022\/06\/affiche-dehors-dedans-v14-212x300.jpg 212w, https:\/\/imagetemps.fr\/wp-content\/uploads\/2022\/06\/affiche-dehors-dedans-v14-768x1086.jpg 768w, https:\/\/imagetemps.fr\/wp-content\/uploads\/2022\/06\/affiche-dehors-dedans-v14-1086x1536.jpg 1086w, https:\/\/imagetemps.fr\/wp-content\/uploads\/2022\/06\/affiche-dehors-dedans-v14-639x904.jpg 639w, https:\/\/imagetemps.fr\/wp-content\/uploads\/2022\/06\/affiche-dehors-dedans-v14.jpg 1240w\" sizes=\"(max-width: 640px) 100vw, 640px\" \/><\/a>\r\n\r\n<blockquote class=\"wp-block-quote\">\r\n<p class=\"has-medium-font-size\"><em>Fran\u00e7ois est patient, cr\u00e9atif et se met dans la peau de chaque personne film\u00e9e derri\u00e8re sa cam\u00e9ra. Le r\u00e9sultat \u2026 des cr\u00e9ations remarquables, humaines et poss\u00e9d\u00e9es par de nombreuses \u00e9motions.<\/em><\/p>\r\n<\/blockquote>\r\n<!-- \/wp:quote -->\r\n\r\n<!-- wp:image {\"id\":2444,\"width\":791,\"height\":511,\"sizeSlug\":\"large\",\"linkDestination\":\"media\"} -->\r\n<figure class=\"wp-block-image size-large is-resized\"><a href=\"https:\/\/imagetemps.fr\/wp-content\/uploads\/2022\/11\/LOGOS-CORPORATE-site-2022.jpg\"><img loading=\"lazy\" decoding=\"async\" src=\"https:\/\/imagetemps.fr\/wp-content\/uploads\/2022\/11\/LOGOS-CORPORATE-site-2022-1024x661.jpg\" alt=\"\" class=\"wp-image-2444\" width=\"791\" height=\"511\" srcset=\"https:\/\/imagetemps.fr\/wp-content\/uploads\/2022\/11\/LOGOS-CORPORATE-site-2022-1024x661.jpg 1024w, https:\/\/imagetemps.fr\/wp-content\/uploads\/2022\/11\/LOGOS-CORPORATE-site-2022-300x194.jpg 300w, https:\/\/imagetemps.fr\/wp-content\/uploads\/2022\/11\/LOGOS-CORPORATE-site-2022-768x496.jpg 768w, https:\/\/imagetemps.fr\/wp-content\/uploads\/2022\/11\/LOGOS-CORPORATE-site-2022-1536x991.jpg 1536w, https:\/\/imagetemps.fr\/wp-content\/uploads\/2022\/11\/LOGOS-CORPORATE-site-2022-904x583.jpg 904w, https:\/\/imagetemps.fr\/wp-content\/uploads\/2022\/11\/LOGOS-CORPORATE-site-2022.jpg 1613w\" sizes=\"(max-width: 791px) 100vw, 791px\" \/><\/a><\/figure>\r\n<!-- \/wp:image -->\r\n\r\n<!-- wp:quote -->\r\n<blockquote class=\"wp-block-quote\"><!-- wp:heading {\"level\":5,\"fontSize\":\"medium\"} -->\r\n<h5 class=\"wp-block-heading has-medium-font-size\"><strong>Sur ce site : \u00e0 d\u00e9couvrir l&rsquo;actualit\u00e9 de mes r\u00e9alisations qui ont chacune leur univers.<\/strong><br \/><strong>N&rsquo;h\u00e9sitez pas \u00e0 faire appel \u00e0 Image Temps Production et \u00e0 notre solide et sympathique r\u00e9seau pour tous vos projets.<br \/><em>Amicalement<br \/>Fran\u00e7ois<\/em><\/strong><\/h5>\r\n<!-- \/wp:heading --><\/blockquote>\r\n<!-- \/wp:quote -->\r\n\r\n<!-- wp:heading {\"textAlign\":\"center\",\"level\":4} -->\r\n<h4 class=\"wp-block-heading has-text-align-center\"><span style=\"font-family: 'trebuchet ms', geneva, sans-serif; font-size: 14pt;\">\u25ba <strong>Pour tous renseignements : conditions, tarifs, projets &#8230;<\/strong><\/span><br \/><a href=\"mailto:havezfrancois@gmail.com\">havezfrancois@gmail.com<\/a><br \/><strong>06 62 49 21 35<\/strong><\/h4>\r\n<!-- \/wp:heading -->\r\n\r\n<!-- wp:paragraph {\"align\":\"center\",\"textColor\":\"black\",\"fontSize\":\"small\"} -->\r\n<p class=\"has-text-align-center has-black-color has-text-color has-small-font-size\"><mark style=\"background-color:rgba(0, 0, 0, 0)\" class=\"has-inline-color has-vivid-cyan-blue-color\"><strong>Image temps productions chez COOPETIC scop sarl 7 rue de Palestro 75002<\/strong><\/mark><strong><mark style=\"background-color:rgba(0, 0, 0, 0)\" class=\"has-inline-color has-vivid-cyan-blue-color\"><br \/>Coop\u00e9rative d&rsquo;Activit\u00e9s et d&rsquo;Entrepreneurs d\u00e9di\u00e9e aux m\u00e9tiers de la communication, du web, de l&rsquo;audiovisuel et de l&rsquo;innovation.<br \/>SIRET (si\u00e8ge) 51149966700059. N\u00b0 de TVA Intracommunautaire FR 44 511499667<\/mark><\/strong><\/p>\r\n<!-- \/wp:paragraph -->\r\n\r\n<!-- wp:paragraph {\"align\":\"center\"} -->\r\n<p class=\"has-text-align-center\"><br \/><\/p>\r\n<!-- \/wp:paragraph --><span data-mce-type=\"bookmark\" style=\"display: inline-block; width: 0px; overflow: hidden; line-height: 0;\" class=\"mce_SELRES_start\">\ufeff<\/span><span data-mce-type=\"bookmark\" style=\"display: inline-block; width: 0px; overflow: hidden; line-height: 0;\" class=\"mce_SELRES_start\">\ufeff<\/span><span data-mce-type=\"bookmark\" style=\"display: inline-block; width: 0px; overflow: hidden; line-height: 0;\" class=\"mce_SELRES_start\">\ufeff<\/span><span data-mce-type=\"bookmark\" style=\"display: inline-block; width: 0px; overflow: hidden; line-height: 0;\" class=\"mce_SELRES_start\">\ufeff<\/span><span data-mce-type=\"bookmark\" style=\"display: inline-block; width: 0px; overflow: hidden; line-height: 0;\" class=\"mce_SELRES_start\">\ufeff<\/span>","protected":false},"excerpt":{"rendered":"<p>\ufeff\ufeff\ufeff\ufeff\ufeff\ufeff\ufeff\ufeff PRODUIRE, MAIS PAS QUE \u2026Une fabrique \u00e0 images, \u00e0 id\u00e9es : toutes les formes audiovisuelles possibles et imaginables.A l&rsquo;origine, une passion &#8211; \u00e9videmment &#8211; [&hellip;]<\/p>\n","protected":false},"author":2,"featured_media":2548,"parent":0,"menu_order":0,"comment_status":"closed","ping_status":"closed","template":"","meta":{"__cvm_playback_settings":[],"__cvm_video_id":"","footnotes":""},"aioseo_notices":[],"jetpack_sharing_enabled":true,"_links":{"self":[{"href":"https:\/\/imagetemps.fr\/index.php?rest_route=\/wp\/v2\/pages\/422"}],"collection":[{"href":"https:\/\/imagetemps.fr\/index.php?rest_route=\/wp\/v2\/pages"}],"about":[{"href":"https:\/\/imagetemps.fr\/index.php?rest_route=\/wp\/v2\/types\/page"}],"author":[{"embeddable":true,"href":"https:\/\/imagetemps.fr\/index.php?rest_route=\/wp\/v2\/users\/2"}],"replies":[{"embeddable":true,"href":"https:\/\/imagetemps.fr\/index.php?rest_route=%2Fwp%2Fv2%2Fcomments&post=422"}],"version-history":[{"count":290,"href":"https:\/\/imagetemps.fr\/index.php?rest_route=\/wp\/v2\/pages\/422\/revisions"}],"predecessor-version":[{"id":2823,"href":"https:\/\/imagetemps.fr\/index.php?rest_route=\/wp\/v2\/pages\/422\/revisions\/2823"}],"wp:featuredmedia":[{"embeddable":true,"href":"https:\/\/imagetemps.fr\/index.php?rest_route=\/wp\/v2\/media\/2548"}],"wp:attachment":[{"href":"https:\/\/imagetemps.fr\/index.php?rest_route=%2Fwp%2Fv2%2Fmedia&parent=422"}],"curies":[{"name":"wp","href":"https:\/\/api.w.org\/{rel}","templated":true}]}}

<span data-mce-type="bookmark" style="display: inline-block; width: 0px; overflow: hidden; line-height: 0;" class="mce_SELRES_start">﻿</span><span data-mce-type="bookmark" style="display: inline-block; width: 0px; overflow: hidden; line-height: 0;" class="mce_SELRES_start">﻿</span><span data-mce-type="bookmark" style="display: inline-block; width: 0px; overflow: hidden; line-height: 0;" class="mce_SELRES_start">﻿</span><span data-mce-type="bookmark" style="display: inline-block; width: 0px; overflow: hidden; line-height: 0;" class="mce_SELRES_start">﻿</span><span data-mce-type="bookmark" style="display: inline-block; width: 0px; overflow: hidden; line-height: 0;" class="mce_SELRES_start">﻿</span><span data-mce-type="bookmark" style="display: inline-block; width: 0px; overflow: hidden; line-height: 0;" class="mce_SELRES_start">﻿</span><span data-mce-type="bookmark" style="display: inline-block; width: 0px; overflow: hidden; line-height: 0;" class="mce_SELRES_start">﻿</span><span data-mce-type="bookmark" style="display: inline-block; width: 0px; overflow: hidden; line-height: 0;" class="mce_SELRES_start">﻿</span>
<h5 class="wp-block-heading has-medium-font-size" style="font-style:normal;font-weight:300"><strong>PRODUIRE, MAIS PAS QUE …<br />Une fabrique à images, à idées : toutes les formes audiovisuelles possibles et imaginables.<br />A l&rsquo;origine, une passion &#8211; évidemment &#8211; pour le cinéma.<br />Réalisateur de fictions, de documentaires, faiseur de clips, magicien du numérique, artisan du corporate …</strong></h5>


<a href="https://imagetemps.fr/wp-content/uploads/2026/04/Chronique-dune-pensionde-famille-1mo-scaled.jpeg"><img loading="lazy" decoding="async" src="https://imagetemps.fr/wp-content/uploads/2026/04/Chronique-dune-pensionde-famille-1mo-724x1024.jpeg" alt="" width="640" height="905" class="aligncenter size-large wp-image-2819" srcset="https://imagetemps.fr/wp-content/uploads/2026/04/Chronique-dune-pensionde-famille-1mo-724x1024.jpeg 724w, https://imagetemps.fr/wp-content/uploads/2026/04/Chronique-dune-pensionde-famille-1mo-212x300.jpeg 212w, https://imagetemps.fr/wp-content/uploads/2026/04/Chronique-dune-pensionde-famille-1mo-768x1086.jpeg 768w, https://imagetemps.fr/wp-content/uploads/2026/04/Chronique-dune-pensionde-famille-1mo-1086x1536.jpeg 1086w, https://imagetemps.fr/wp-content/uploads/2026/04/Chronique-dune-pensionde-famille-1mo-1448x2048.jpeg 1448w, https://imagetemps.fr/wp-content/uploads/2026/04/Chronique-dune-pensionde-famille-1mo-scaled.jpeg 1810w" sizes="(max-width: 640px) 100vw, 640px" /></a><span data-mce-type="bookmark" style="display: inline-block; width: 0px; overflow: hidden; line-height: 0;" class="mce_SELRES_start">﻿</span>

<a href="https://imagetemps.fr/wp-content/uploads/2022/06/affiche-dehors-dedans-v14.jpg"><img loading="lazy" decoding="async" src="https://imagetemps.fr/wp-content/uploads/2022/06/affiche-dehors-dedans-v14-724x1024.jpg" alt="Dehors Dedans - Documentaire" width="640" height="905" class="aligncenter size-large wp-image-2351" srcset="https://imagetemps.fr/wp-content/uploads/2022/06/affiche-dehors-dedans-v14-724x1024.jpg 724w, https://imagetemps.fr/wp-content/uploads/2022/06/affiche-dehors-dedans-v14-212x300.jpg 212w, https://imagetemps.fr/wp-content/uploads/2022/06/affiche-dehors-dedans-v14-768x1086.jpg 768w, https://imagetemps.fr/wp-content/uploads/2022/06/affiche-dehors-dedans-v14-1086x1536.jpg 1086w, https://imagetemps.fr/wp-content/uploads/2022/06/affiche-dehors-dedans-v14-639x904.jpg 639w, https://imagetemps.fr/wp-content/uploads/2022/06/affiche-dehors-dedans-v14.jpg 1240w" sizes="(max-width: 640px) 100vw, 640px" /></a>

<blockquote class="wp-block-quote">
<p class="has-medium-font-size"><em>François est patient, créatif et se met dans la peau de chaque personne filmée derrière sa caméra. Le résultat … des créations remarquables, humaines et possédées par de nombreuses émotions.</em></p>
</blockquote>
<!-- /wp:quote -->

<!-- wp:image {"id":2444,"width":791,"height":511,"sizeSlug":"large","linkDestination":"media"} -->
<figure class="wp-block-image size-large is-resized"><a href="https://imagetemps.fr/wp-content/uploads/2022/11/LOGOS-CORPORATE-site-2022.jpg"><img loading="lazy" decoding="async" src="https://imagetemps.fr/wp-content/uploads/2022/11/LOGOS-CORPORATE-site-2022-1024x661.jpg" alt="" class="wp-image-2444" width="791" height="511" srcset="https://imagetemps.fr/wp-content/uploads/2022/11/LOGOS-CORPORATE-site-2022-1024x661.jpg 1024w, https://imagetemps.fr/wp-content/uploads/2022/11/LOGOS-CORPORATE-site-2022-300x194.jpg 300w, https://imagetemps.fr/wp-content/uploads/2022/11/LOGOS-CORPORATE-site-2022-768x496.jpg 768w, https://imagetemps.fr/wp-content/uploads/2022/11/LOGOS-CORPORATE-site-2022-1536x991.jpg 1536w, https://imagetemps.fr/wp-content/uploads/2022/11/LOGOS-CORPORATE-site-2022-904x583.jpg 904w, https://imagetemps.fr/wp-content/uploads/2022/11/LOGOS-CORPORATE-site-2022.jpg 1613w" sizes="(max-width: 791px) 100vw, 791px" /></a></figure>
<!-- /wp:image -->

<!-- wp:quote -->
<blockquote class="wp-block-quote"><!-- wp:heading {"level":5,"fontSize":"medium"} -->
<h5 class="wp-block-heading has-medium-font-size"><strong>Sur ce site : à découvrir l&rsquo;actualité de mes réalisations qui ont chacune leur univers.</strong><br /><strong>N&rsquo;hésitez pas à faire appel à Image Temps Production et à notre solide et sympathique réseau pour tous vos projets.<br /><em>Amicalement<br />François</em></strong></h5>
<!-- /wp:heading --></blockquote>
<!-- /wp:quote -->

<!-- wp:heading {"textAlign":"center","level":4} -->
<h4 class="wp-block-heading has-text-align-center"><span style="font-family: 'trebuchet ms', geneva, sans-serif; font-size: 14pt;">► <strong>Pour tous renseignements : conditions, tarifs, projets &#8230;</strong></span><br /><a href="mailto:havezfrancois@gmail.com">havezfrancois@gmail.com</a><br /><strong>06 62 49 21 35</strong></h4>
<!-- /wp:heading -->

<!-- wp:paragraph {"align":"center","textColor":"black","fontSize":"small"} -->
<p class="has-text-align-center has-black-color has-text-color has-small-font-size"><mark style="background-color:rgba(0, 0, 0, 0)" class="has-inline-color has-vivid-cyan-blue-color"><strong>Image temps productions chez COOPETIC scop sarl 7 rue de Palestro 75002</strong></mark><strong><mark style="background-color:rgba(0, 0, 0, 0)" class="has-inline-color has-vivid-cyan-blue-color"><br />Coopérative d&rsquo;Activités et d&rsquo;Entrepreneurs dédiée aux métiers de la communication, du web, de l&rsquo;audiovisuel et de l&rsquo;innovation.<br />SIRET (siège) 51149966700059. N° de TVA Intracommunautaire FR 44 511499667</mark></strong></p>
<!-- /wp:paragraph -->

<!-- wp:paragraph {"align":"center"} -->
<p class="has-text-align-center"><br /></p>
<!-- /wp:paragraph --><span data-mce-type="bookmark" style="display: inline-block; width: 0px; overflow: hidden; line-height: 0;" class="mce_SELRES_start">﻿</span><span data-mce-type="bookmark" style="display: inline-block; width: 0px; overflow: hidden; line-height: 0;" class="mce_SELRES_start">﻿</span><span data-mce-type="bookmark" style="display: inline-block; width: 0px; overflow: hidden; line-height: 0;" class="mce_SELRES_start">﻿</span><span data-mce-type="bookmark" style="display: inline-block; width: 0px; overflow: hidden; line-height: 0;" class="mce_SELRES_start">﻿</span><span data-mce-type="bookmark" style="display: inline-block; width: 0px; overflow: hidden; line-height: 0;" class="mce_SELRES_start">﻿</span>

<p>﻿﻿﻿﻿﻿﻿﻿﻿ PRODUIRE, MAIS PAS QUE …Une fabrique à images, à idées : toutes les formes audiovisuelles possibles et imaginables.A l&rsquo;origine, une passion &#8211; évidemment &#8211; [&hellip;]</p>
