{"id":365,"date":"2015-02-10T10:28:51","date_gmt":"2015-02-10T09:28:51","guid":{"rendered":"http:\/\/imagetemps.fr\/?page_id=365"},"modified":"2025-03-25T18:41:23","modified_gmt":"2025-03-25T17:41:23","slug":"corporate","status":"publish","type":"page","link":"https:\/\/imagetemps.fr\/?page_id=365","title":{"rendered":"FILMS COURTS"},"content":{"rendered":"<iframe loading=\"lazy\" width=\"560\" height=\"315\" src=\"https:\/\/www.youtube.com\/embed\/6LjspyFa60k?si=Y-8n_gUjC5DhODDP\" title=\"YouTube video player\" frameborder=\"0\" allow=\"accelerometer; autoplay; clipboard-write; encrypted-media; gyroscope; picture-in-picture; web-share\" referrerpolicy=\"strict-origin-when-cross-origin\" allowfullscreen><\/iframe>\r\n<iframe loading=\"lazy\" width=\"560\" height=\"315\" src=\"https:\/\/www.youtube.com\/embed\/KynmY1NuHAE?si=XhALLmkVMX8O-O08\" title=\"YouTube video player\" frameborder=\"0\" allow=\"accelerometer; autoplay; clipboard-write; encrypted-media; gyroscope; picture-in-picture; web-share\" referrerpolicy=\"strict-origin-when-cross-origin\" allowfullscreen><span data-mce-type=\"bookmark\" style=\"display: inline-block; width: 0px; overflow: hidden; line-height: 0;\" class=\"mce_SELRES_start\">\ufeff<\/span><\/iframe>\r\n<span data-mce-type=\"bookmark\" style=\"display: inline-block; width: 0px; overflow: hidden; line-height: 0;\" class=\"mce_SELRES_start\">\ufeff<\/span>\r\n<blockquote class=\"wp-block-quote is-layout-flow wp-block-quote-is-layout-flow\">\r\n\r\n\r\n<p>Fran\u00e7ois a su mettre en image la sensibilit\u00e9 humaine tant de nos r\u00e9sidents au parcours difficile que celui des travailleurs sociaux. Il r\u00e9ussit \u00e0 capter les subtilit\u00e9s de nos projets \u00e0 s\u2019immerger au point qu\u2019on oublie sa pr\u00e9sence. Il permet d\u2019ouvrir les difficult\u00e9s respectives aux non initi\u00e9s. Ses films ne tombent pas dans le m\u00e9lodrame mais refl\u00e8te la r\u00e9alit\u00e9 d\u2019une soci\u00e9t\u00e9.<br \/>C\u2019est un plaisir de revoir et de travailler aupr\u00e8s de Fran\u00e7ois qui sait mettre en valeurs le travail du social. (<strong>Mohcine El Oubnani. Coordinateur social \u00e0 l&rsquo;ALFI &#8211; Groupe Arcade-vyv)<\/strong><br \/><\/p>\r\n<\/blockquote>\r\n\r\n\r\n\r\n<figure class=\"wp-block-embed is-type-video is-provider-youtube wp-block-embed-youtube wp-embed-aspect-16-9 wp-has-aspect-ratio\"><div class=\"wp-block-embed__wrapper\">\r\n<iframe loading=\"lazy\" title=\"Un toit pour toi, mon enfant ... de la rue au logement pour des familles monoparentales\" width=\"640\" height=\"360\" src=\"https:\/\/www.youtube.com\/embed\/VMXeRI9dntU?feature=oembed\" frameborder=\"0\" allow=\"accelerometer; autoplay; clipboard-write; encrypted-media; gyroscope; picture-in-picture; web-share\" referrerpolicy=\"strict-origin-when-cross-origin\" allowfullscreen><\/iframe>\r\n<\/div><\/figure>\r\n\r\n\r\n\r\n<blockquote class=\"wp-block-quote is-layout-flow wp-block-quote-is-layout-flow\">\r\n<p id=\"block-4e322dc8-ae05-4994-beed-874ad1700a09\"><strong>Melanie GERVAIS. Directrice P\u00f4le Accompagnement social \u00e0 l&rsquo;ALFI &#8211; Groupe Arcade-vyv :<\/strong> Fran\u00e7ois est patient, cr\u00e9atif et se met dans la peau de chaque personne film\u00e9e derri\u00e8re sa cam\u00e9ra. Le r\u00e9sultat\u2026.des cr\u00e9ations remarquables, humaines et poss\u00e9d\u00e9es par de nombreuses \u00e9motions<\/p>\r\n<\/blockquote>\r\n\r\n\r\n\r\n<figure class=\"wp-block-embed aligncenter is-type-video is-provider-youtube wp-block-embed-youtube wp-embed-aspect-16-9 wp-has-aspect-ratio\"><div class=\"wp-block-embed__wrapper\">\r\n<iframe loading=\"lazy\" title=\"Le logement d&#039;abord. Une recherche collaborative en pensions de famille Alfi\" width=\"640\" height=\"360\" src=\"https:\/\/www.youtube.com\/embed\/OzXIpdM_XQc?feature=oembed\" frameborder=\"0\" allow=\"accelerometer; autoplay; clipboard-write; encrypted-media; gyroscope; picture-in-picture; web-share\" referrerpolicy=\"strict-origin-when-cross-origin\" allowfullscreen><\/iframe>\r\n<\/div><\/figure>\r\n\r\n\r\n\r\n<blockquote class=\"wp-block-quote is-layout-flow wp-block-quote-is-layout-flow\">\r\n<p><strong>Yann Benoist. Anthropologue &#8211; Sociologue : <\/strong>J&rsquo;ai eu l&rsquo;occasion de voir Fran\u00e7ois \u00e0 l\u2019\u0153uvre lors d&rsquo;une \u00e9tude r\u00e9alis\u00e9e aupr\u00e8s d&rsquo;anciens sans-abri. Son empathie sinc\u00e8re est manifeste, autant au moment des prises de vue que sur le produit final. Il travaille avec un tr\u00e8s grand respect pour les personnes qu&rsquo;il filme. Ces derni\u00e8res ne s&rsquo;y trompent pas et lui rendent ce respect. En outre, ses qualit\u00e9s professionnelles, tant sur le plan technique qu&rsquo;artistique sont ind\u00e9niables<\/p>\r\n<\/blockquote>\r\n\r\n\r\n<div class=\"wp-block-image\">\r\n<figure class=\"aligncenter size-large\"><a class=\"https:\/\/coallia.org\/bienhabiter\/\" href=\"https:\/\/coallia.org\/bienhabiter\/\" target=\"_blank\" rel=\"BINE HABITER noopener\"><img loading=\"lazy\" decoding=\"async\" width=\"1024\" height=\"582\" src=\"https:\/\/imagetemps.fr\/wp-content\/uploads\/2022\/03\/Bien-habiter-Coallia-1024x582.png\" alt=\"\" class=\"wp-image-2300\" srcset=\"https:\/\/imagetemps.fr\/wp-content\/uploads\/2022\/03\/Bien-habiter-Coallia-1024x582.png 1024w, https:\/\/imagetemps.fr\/wp-content\/uploads\/2022\/03\/Bien-habiter-Coallia-300x170.png 300w, https:\/\/imagetemps.fr\/wp-content\/uploads\/2022\/03\/Bien-habiter-Coallia-768x436.png 768w, https:\/\/imagetemps.fr\/wp-content\/uploads\/2022\/03\/Bien-habiter-Coallia-1536x873.png 1536w, https:\/\/imagetemps.fr\/wp-content\/uploads\/2022\/03\/Bien-habiter-Coallia-2048x1164.png 2048w, https:\/\/imagetemps.fr\/wp-content\/uploads\/2022\/03\/Bien-habiter-Coallia-904x514.png 904w\" sizes=\"(max-width: 1024px) 100vw, 1024px\" \/><\/a><\/figure><\/div>\r\n\r\n\r\n<figure class=\"wp-block-embed is-type-video is-provider-youtube wp-block-embed-youtube wp-embed-aspect-16-9 wp-has-aspect-ratio\"><div class=\"wp-block-embed__wrapper\">\r\n<iframe loading=\"lazy\" title=\"Maintien \u00e0 domicile des personnes ag\u00e9es\" width=\"640\" height=\"360\" src=\"https:\/\/www.youtube.com\/embed\/ztQcP2_HFOE?feature=oembed\" frameborder=\"0\" allow=\"accelerometer; autoplay; clipboard-write; encrypted-media; gyroscope; picture-in-picture; web-share\" referrerpolicy=\"strict-origin-when-cross-origin\" allowfullscreen><\/iframe>\r\n<\/div><figcaption class=\"wp-element-caption\"> <\/figcaption><\/figure>\r\n\r\n\r\n\r\n<figure class=\"wp-block-embed is-type-video is-provider-youtube wp-block-embed-youtube wp-embed-aspect-16-9 wp-has-aspect-ratio\"><div class=\"wp-block-embed__wrapper\">\r\n<iframe loading=\"lazy\" title=\"5 - \u00ab Un logement propre pour se sentir bien chez soi \u00bb\" width=\"640\" height=\"360\" src=\"https:\/\/www.youtube.com\/embed\/sEtZiePAYmI?feature=oembed\" frameborder=\"0\" allow=\"accelerometer; autoplay; clipboard-write; encrypted-media; gyroscope; picture-in-picture; web-share\" referrerpolicy=\"strict-origin-when-cross-origin\" allowfullscreen><\/iframe>\r\n<\/div><\/figure>\r\n\r\n\r\n\r\n<figure class=\"wp-block-embed is-type-video is-provider-youtube wp-block-embed-youtube wp-embed-aspect-16-9 wp-has-aspect-ratio\"><div class=\"wp-block-embed__wrapper\">\r\n<iframe loading=\"lazy\" title=\"4 - \u00ab La s\u00e9curit\u00e9, c&#039;est l&#039;affaire de tous \u00bb\" width=\"640\" height=\"360\" src=\"https:\/\/www.youtube.com\/embed\/4_cqa9ysvmE?feature=oembed\" frameborder=\"0\" allow=\"accelerometer; autoplay; clipboard-write; encrypted-media; gyroscope; picture-in-picture; web-share\" referrerpolicy=\"strict-origin-when-cross-origin\" allowfullscreen><\/iframe>\r\n<\/div><\/figure>\r\n\r\n\r\n\r\n<figure class=\"wp-block-embed is-type-video is-provider-youtube wp-block-embed-youtube wp-embed-aspect-16-9 wp-has-aspect-ratio\"><div class=\"wp-block-embed__wrapper\">\r\n<iframe loading=\"lazy\" title=\"Bande d\u00e9mo des Victoires de Dalkia\" width=\"640\" height=\"360\" src=\"https:\/\/www.youtube.com\/embed\/y-6DAePUTJY?feature=oembed\" frameborder=\"0\" allow=\"accelerometer; autoplay; clipboard-write; encrypted-media; gyroscope; picture-in-picture; web-share\" referrerpolicy=\"strict-origin-when-cross-origin\" allowfullscreen><\/iframe>\r\n<\/div><\/figure>\r\n\r\n\r\n\r\n<figure class=\"wp-block-embed is-type-video is-provider-youtube wp-block-embed-youtube wp-embed-aspect-16-9 wp-has-aspect-ratio\"><div class=\"wp-block-embed__wrapper\">\r\n<iframe loading=\"lazy\" title=\"Bande annonce CONTES SANS FRONTIERES \u00e0 l\u2019\u00e9cole \u00e9l\u00e9mentaire Fran\u00e7ois Mitterrand de Vernon\" width=\"640\" height=\"360\" src=\"https:\/\/www.youtube.com\/embed\/8M91lB48IIY?feature=oembed\" frameborder=\"0\" allow=\"accelerometer; autoplay; clipboard-write; encrypted-media; gyroscope; picture-in-picture; web-share\" referrerpolicy=\"strict-origin-when-cross-origin\" allowfullscreen><\/iframe>\r\n<\/div><\/figure>\r\n\r\n\r\n\r\n<figure class=\"wp-block-embed is-type-video is-provider-youtube wp-block-embed-youtube wp-embed-aspect-16-9 wp-has-aspect-ratio\"><div class=\"wp-block-embed__wrapper\">\r\n<iframe loading=\"lazy\" title=\"Il \u00e9tait une fois l\u2019A.D \u2026 Prix Coup de coeur du jury PIMP MY JOB 2015\" width=\"640\" height=\"360\" src=\"https:\/\/www.youtube.com\/embed\/Am2UHQXkaZg?feature=oembed\" frameborder=\"0\" allow=\"accelerometer; autoplay; clipboard-write; encrypted-media; gyroscope; picture-in-picture; web-share\" referrerpolicy=\"strict-origin-when-cross-origin\" allowfullscreen><\/iframe>\r\n<\/div><\/figure>\r\n\r\n\r\n\r\n<blockquote class=\"wp-block-quote is-layout-flow wp-block-quote-is-layout-flow\">\r\n<p><strong>Guyl\u00e8ne TIAN-VAN-KA\u00cf. Charg\u00e9e de missions EDF :<\/strong> Une disponibilit\u00e9 exemplaire, une \u00e9coute client exceptionnelle pour un produit vid\u00e9o final d\u2019une qualit\u00e9 subliminale ! Bravo Francois et au plaisir de retravailler avec toi sur un nouveau projet Conduite du changement<\/p>\r\n<\/blockquote>\r\n\r\n\r\n\r\n<figure class=\"wp-block-embed is-type-video is-provider-youtube wp-block-embed-youtube wp-embed-aspect-16-9 wp-has-aspect-ratio\"><div class=\"wp-block-embed__wrapper\">\r\n<iframe loading=\"lazy\" title=\"De\u0301couvrons l\u2019outil Ginko - DSI ERDF Corporate\" width=\"640\" height=\"360\" src=\"https:\/\/www.youtube.com\/embed\/tCYaLDzy1JU?feature=oembed\" frameborder=\"0\" allow=\"accelerometer; autoplay; clipboard-write; encrypted-media; gyroscope; picture-in-picture; web-share\" referrerpolicy=\"strict-origin-when-cross-origin\" allowfullscreen><\/iframe>\r\n<\/div><\/figure>\r\n\r\n\r\n\r\n<figure class=\"wp-block-embed is-type-video is-provider-vimeo wp-block-embed-vimeo\"><div class=\"wp-block-embed__wrapper\">\r\n<iframe loading=\"lazy\" title=\"Une journ\u00e9e particuli\u00e8re. Accident de plain-pied \u00e0 l&#039;UCF Paris ERDF-GrDF\" src=\"https:\/\/player.vimeo.com\/video\/78075084?dnt=1&amp;app_id=122963\" width=\"640\" height=\"512\" frameborder=\"0\" allow=\"autoplay; fullscreen; picture-in-picture; clipboard-write; encrypted-media\"><\/iframe>\r\n<\/div><\/figure>\r\n\r\n\r\n\r\n<figure class=\"wp-block-embed is-type-video is-provider-vimeo wp-block-embed-vimeo wp-embed-aspect-16-9 wp-has-aspect-ratio\"><div class=\"wp-block-embed__wrapper\">\r\n<iframe loading=\"lazy\" title=\"The techniciens - Oscar Pr\u00e9vention, Sant\u00e9 S\u00e9curit\u00e9 ERDF-GrDF\" src=\"https:\/\/player.vimeo.com\/video\/71726747?dnt=1&amp;app_id=122963\" width=\"640\" height=\"360\" frameborder=\"0\" allow=\"autoplay; fullscreen; picture-in-picture; clipboard-write; encrypted-media\"><\/iframe>\r\n<\/div><\/figure>\r\n\r\n\r\n\r\n<figure class=\"wp-block-embed is-type-video is-provider-vimeo wp-block-embed-vimeo wp-embed-aspect-16-9 wp-has-aspect-ratio\"><div class=\"wp-block-embed__wrapper\">\r\n<iframe loading=\"lazy\" title=\"Qui veut Garder sa RLC ? Pr\u00e9vention, sant\u00e9, s\u00e9curit\u00e9. ERDF-GrDF\" src=\"https:\/\/player.vimeo.com\/video\/71732195?dnt=1&amp;app_id=122963\" width=\"640\" height=\"360\" frameborder=\"0\" allow=\"autoplay; fullscreen; picture-in-picture; clipboard-write; encrypted-media\"><\/iframe>\r\n<\/div><\/figure>\r\n","protected":false},"excerpt":{"rendered":"<p>\ufeff \ufeff Fran\u00e7ois a su mettre en image la sensibilit\u00e9 humaine tant de nos r\u00e9sidents au parcours difficile que celui des travailleurs sociaux. Il r\u00e9ussit [&hellip;]<\/p>\n","protected":false},"author":2,"featured_media":2256,"parent":118,"menu_order":1,"comment_status":"closed","ping_status":"closed","template":"","meta":{"__cvm_playback_settings":[],"__cvm_video_id":"","footnotes":""},"aioseo_notices":[],"jetpack_sharing_enabled":true,"_links":{"self":[{"href":"https:\/\/imagetemps.fr\/index.php?rest_route=\/wp\/v2\/pages\/365"}],"collection":[{"href":"https:\/\/imagetemps.fr\/index.php?rest_route=\/wp\/v2\/pages"}],"about":[{"href":"https:\/\/imagetemps.fr\/index.php?rest_route=\/wp\/v2\/types\/page"}],"author":[{"embeddable":true,"href":"https:\/\/imagetemps.fr\/index.php?rest_route=\/wp\/v2\/users\/2"}],"replies":[{"embeddable":true,"href":"https:\/\/imagetemps.fr\/index.php?rest_route=%2Fwp%2Fv2%2Fcomments&post=365"}],"version-history":[{"count":227,"href":"https:\/\/imagetemps.fr\/index.php?rest_route=\/wp\/v2\/pages\/365\/revisions"}],"predecessor-version":[{"id":2802,"href":"https:\/\/imagetemps.fr\/index.php?rest_route=\/wp\/v2\/pages\/365\/revisions\/2802"}],"up":[{"embeddable":true,"href":"https:\/\/imagetemps.fr\/index.php?rest_route=\/wp\/v2\/pages\/118"}],"wp:featuredmedia":[{"embeddable":true,"href":"https:\/\/imagetemps.fr\/index.php?rest_route=\/wp\/v2\/media\/2256"}],"wp:attachment":[{"href":"https:\/\/imagetemps.fr\/index.php?rest_route=%2Fwp%2Fv2%2Fmedia&parent=365"}],"curies":[{"name":"wp","href":"https:\/\/api.w.org\/{rel}","templated":true}]}}

<iframe loading="lazy" width="560" height="315" src="https://www.youtube.com/embed/6LjspyFa60k?si=Y-8n_gUjC5DhODDP" title="YouTube video player" frameborder="0" allow="accelerometer; autoplay; clipboard-write; encrypted-media; gyroscope; picture-in-picture; web-share" referrerpolicy="strict-origin-when-cross-origin" allowfullscreen></iframe>
<iframe loading="lazy" width="560" height="315" src="https://www.youtube.com/embed/KynmY1NuHAE?si=XhALLmkVMX8O-O08" title="YouTube video player" frameborder="0" allow="accelerometer; autoplay; clipboard-write; encrypted-media; gyroscope; picture-in-picture; web-share" referrerpolicy="strict-origin-when-cross-origin" allowfullscreen><span data-mce-type="bookmark" style="display: inline-block; width: 0px; overflow: hidden; line-height: 0;" class="mce_SELRES_start">﻿</span></iframe>
<span data-mce-type="bookmark" style="display: inline-block; width: 0px; overflow: hidden; line-height: 0;" class="mce_SELRES_start">﻿</span>
<blockquote class="wp-block-quote is-layout-flow wp-block-quote-is-layout-flow">


<p>François a su mettre en image la sensibilité humaine tant de nos résidents au parcours difficile que celui des travailleurs sociaux. Il réussit à capter les subtilités de nos projets à s’immerger au point qu’on oublie sa présence. Il permet d’ouvrir les difficultés respectives aux non initiés. Ses films ne tombent pas dans le mélodrame mais reflète la réalité d’une société.<br />C’est un plaisir de revoir et de travailler auprès de François qui sait mettre en valeurs le travail du social. (<strong>Mohcine El Oubnani. Coordinateur social à l&rsquo;ALFI &#8211; Groupe Arcade-vyv)</strong><br /></p>
</blockquote>



<figure class="wp-block-embed is-type-video is-provider-youtube wp-block-embed-youtube wp-embed-aspect-16-9 wp-has-aspect-ratio"><div class="wp-block-embed__wrapper">
<iframe loading="lazy" title="Un toit pour toi, mon enfant ... de la rue au logement pour des familles monoparentales" width="640" height="360" src="https://www.youtube.com/embed/VMXeRI9dntU?feature=oembed" frameborder="0" allow="accelerometer; autoplay; clipboard-write; encrypted-media; gyroscope; picture-in-picture; web-share" referrerpolicy="strict-origin-when-cross-origin" allowfullscreen></iframe>
</div></figure>



<blockquote class="wp-block-quote is-layout-flow wp-block-quote-is-layout-flow">
<p id="block-4e322dc8-ae05-4994-beed-874ad1700a09"><strong>Melanie GERVAIS. Directrice Pôle Accompagnement social à l&rsquo;ALFI &#8211; Groupe Arcade-vyv :</strong> François est patient, créatif et se met dans la peau de chaque personne filmée derrière sa caméra. Le résultat….des créations remarquables, humaines et possédées par de nombreuses émotions</p>
</blockquote>



<figure class="wp-block-embed aligncenter is-type-video is-provider-youtube wp-block-embed-youtube wp-embed-aspect-16-9 wp-has-aspect-ratio"><div class="wp-block-embed__wrapper">
<iframe loading="lazy" title="Le logement d&#039;abord. Une recherche collaborative en pensions de famille Alfi" width="640" height="360" src="https://www.youtube.com/embed/OzXIpdM_XQc?feature=oembed" frameborder="0" allow="accelerometer; autoplay; clipboard-write; encrypted-media; gyroscope; picture-in-picture; web-share" referrerpolicy="strict-origin-when-cross-origin" allowfullscreen></iframe>
</div></figure>



<blockquote class="wp-block-quote is-layout-flow wp-block-quote-is-layout-flow">
<p><strong>Yann Benoist. Anthropologue &#8211; Sociologue : </strong>J&rsquo;ai eu l&rsquo;occasion de voir François à l’œuvre lors d&rsquo;une étude réalisée auprès d&rsquo;anciens sans-abri. Son empathie sincère est manifeste, autant au moment des prises de vue que sur le produit final. Il travaille avec un très grand respect pour les personnes qu&rsquo;il filme. Ces dernières ne s&rsquo;y trompent pas et lui rendent ce respect. En outre, ses qualités professionnelles, tant sur le plan technique qu&rsquo;artistique sont indéniables</p>
</blockquote>


<div class="wp-block-image">
<figure class="aligncenter size-large"><a class="https://coallia.org/bienhabiter/" href="https://coallia.org/bienhabiter/" target="_blank" rel="BINE HABITER noopener"><img loading="lazy" decoding="async" width="1024" height="582" src="https://imagetemps.fr/wp-content/uploads/2022/03/Bien-habiter-Coallia-1024x582.png" alt="" class="wp-image-2300" srcset="https://imagetemps.fr/wp-content/uploads/2022/03/Bien-habiter-Coallia-1024x582.png 1024w, https://imagetemps.fr/wp-content/uploads/2022/03/Bien-habiter-Coallia-300x170.png 300w, https://imagetemps.fr/wp-content/uploads/2022/03/Bien-habiter-Coallia-768x436.png 768w, https://imagetemps.fr/wp-content/uploads/2022/03/Bien-habiter-Coallia-1536x873.png 1536w, https://imagetemps.fr/wp-content/uploads/2022/03/Bien-habiter-Coallia-2048x1164.png 2048w, https://imagetemps.fr/wp-content/uploads/2022/03/Bien-habiter-Coallia-904x514.png 904w" sizes="(max-width: 1024px) 100vw, 1024px" /></a></figure></div>


<figure class="wp-block-embed is-type-video is-provider-youtube wp-block-embed-youtube wp-embed-aspect-16-9 wp-has-aspect-ratio"><div class="wp-block-embed__wrapper">
<iframe loading="lazy" title="Maintien à domicile des personnes agées" width="640" height="360" src="https://www.youtube.com/embed/ztQcP2_HFOE?feature=oembed" frameborder="0" allow="accelerometer; autoplay; clipboard-write; encrypted-media; gyroscope; picture-in-picture; web-share" referrerpolicy="strict-origin-when-cross-origin" allowfullscreen></iframe>
</div><figcaption class="wp-element-caption"> </figcaption></figure>



<figure class="wp-block-embed is-type-video is-provider-youtube wp-block-embed-youtube wp-embed-aspect-16-9 wp-has-aspect-ratio"><div class="wp-block-embed__wrapper">
<iframe loading="lazy" title="5 - « Un logement propre pour se sentir bien chez soi »" width="640" height="360" src="https://www.youtube.com/embed/sEtZiePAYmI?feature=oembed" frameborder="0" allow="accelerometer; autoplay; clipboard-write; encrypted-media; gyroscope; picture-in-picture; web-share" referrerpolicy="strict-origin-when-cross-origin" allowfullscreen></iframe>
</div></figure>



<figure class="wp-block-embed is-type-video is-provider-youtube wp-block-embed-youtube wp-embed-aspect-16-9 wp-has-aspect-ratio"><div class="wp-block-embed__wrapper">
<iframe loading="lazy" title="4 - « La sécurité, c&#039;est l&#039;affaire de tous »" width="640" height="360" src="https://www.youtube.com/embed/4_cqa9ysvmE?feature=oembed" frameborder="0" allow="accelerometer; autoplay; clipboard-write; encrypted-media; gyroscope; picture-in-picture; web-share" referrerpolicy="strict-origin-when-cross-origin" allowfullscreen></iframe>
</div></figure>



<figure class="wp-block-embed is-type-video is-provider-youtube wp-block-embed-youtube wp-embed-aspect-16-9 wp-has-aspect-ratio"><div class="wp-block-embed__wrapper">
<iframe loading="lazy" title="Bande démo des Victoires de Dalkia" width="640" height="360" src="https://www.youtube.com/embed/y-6DAePUTJY?feature=oembed" frameborder="0" allow="accelerometer; autoplay; clipboard-write; encrypted-media; gyroscope; picture-in-picture; web-share" referrerpolicy="strict-origin-when-cross-origin" allowfullscreen></iframe>
</div></figure>



<figure class="wp-block-embed is-type-video is-provider-youtube wp-block-embed-youtube wp-embed-aspect-16-9 wp-has-aspect-ratio"><div class="wp-block-embed__wrapper">
<iframe loading="lazy" title="Bande annonce CONTES SANS FRONTIERES à l’école élémentaire François Mitterrand de Vernon" width="640" height="360" src="https://www.youtube.com/embed/8M91lB48IIY?feature=oembed" frameborder="0" allow="accelerometer; autoplay; clipboard-write; encrypted-media; gyroscope; picture-in-picture; web-share" referrerpolicy="strict-origin-when-cross-origin" allowfullscreen></iframe>
</div></figure>



<figure class="wp-block-embed is-type-video is-provider-youtube wp-block-embed-youtube wp-embed-aspect-16-9 wp-has-aspect-ratio"><div class="wp-block-embed__wrapper">
<iframe loading="lazy" title="Il était une fois l’A.D … Prix Coup de coeur du jury PIMP MY JOB 2015" width="640" height="360" src="https://www.youtube.com/embed/Am2UHQXkaZg?feature=oembed" frameborder="0" allow="accelerometer; autoplay; clipboard-write; encrypted-media; gyroscope; picture-in-picture; web-share" referrerpolicy="strict-origin-when-cross-origin" allowfullscreen></iframe>
</div></figure>



<blockquote class="wp-block-quote is-layout-flow wp-block-quote-is-layout-flow">
<p><strong>Guylène TIAN-VAN-KAÏ. Chargée de missions EDF :</strong> Une disponibilité exemplaire, une écoute client exceptionnelle pour un produit vidéo final d’une qualité subliminale ! Bravo Francois et au plaisir de retravailler avec toi sur un nouveau projet Conduite du changement</p>
</blockquote>



<figure class="wp-block-embed is-type-video is-provider-youtube wp-block-embed-youtube wp-embed-aspect-16-9 wp-has-aspect-ratio"><div class="wp-block-embed__wrapper">
<iframe loading="lazy" title="Découvrons l’outil Ginko - DSI ERDF Corporate" width="640" height="360" src="https://www.youtube.com/embed/tCYaLDzy1JU?feature=oembed" frameborder="0" allow="accelerometer; autoplay; clipboard-write; encrypted-media; gyroscope; picture-in-picture; web-share" referrerpolicy="strict-origin-when-cross-origin" allowfullscreen></iframe>
</div></figure>



<figure class="wp-block-embed is-type-video is-provider-vimeo wp-block-embed-vimeo"><div class="wp-block-embed__wrapper">
<iframe loading="lazy" title="Une journée particulière. Accident de plain-pied à l&#039;UCF Paris ERDF-GrDF" src="https://player.vimeo.com/video/78075084?dnt=1&amp;app_id=122963" width="640" height="512" frameborder="0" allow="autoplay; fullscreen; picture-in-picture; clipboard-write; encrypted-media"></iframe>
</div></figure>



<figure class="wp-block-embed is-type-video is-provider-vimeo wp-block-embed-vimeo wp-embed-aspect-16-9 wp-has-aspect-ratio"><div class="wp-block-embed__wrapper">
<iframe loading="lazy" title="The techniciens - Oscar Prévention, Santé Sécurité ERDF-GrDF" src="https://player.vimeo.com/video/71726747?dnt=1&amp;app_id=122963" width="640" height="360" frameborder="0" allow="autoplay; fullscreen; picture-in-picture; clipboard-write; encrypted-media"></iframe>
</div></figure>



<figure class="wp-block-embed is-type-video is-provider-vimeo wp-block-embed-vimeo wp-embed-aspect-16-9 wp-has-aspect-ratio"><div class="wp-block-embed__wrapper">
<iframe loading="lazy" title="Qui veut Garder sa RLC ? Prévention, santé, sécurité. ERDF-GrDF" src="https://player.vimeo.com/video/71732195?dnt=1&amp;app_id=122963" width="640" height="360" frameborder="0" allow="autoplay; fullscreen; picture-in-picture; clipboard-write; encrypted-media"></iframe>
</div></figure>

<p>﻿ ﻿ François a su mettre en image la sensibilité humaine tant de nos résidents au parcours difficile que celui des travailleurs sociaux. Il réussit [&hellip;]</p>
