{"id":2231,"date":"2021-04-07T09:52:49","date_gmt":"2021-04-07T08:52:49","guid":{"rendered":"https:\/\/imagetemps.fr\/?page_id=2231"},"modified":"2023-05-07T17:22:29","modified_gmt":"2023-05-07T16:22:29","slug":"monteur","status":"publish","type":"page","link":"https:\/\/imagetemps.fr\/?page_id=2231","title":{"rendered":"MONTEUR"},"content":{"rendered":"\n<div class=\"wp-block-group\"><div class=\"wp-block-group__inner-container is-layout-constrained wp-block-group-is-layout-constrained\">\n<p><strong>Monteur confirm\u00e9 de presque tous mes films depuis plusieurs ann\u00e9es<br \/>et parfois pour d&rsquo;autres r\u00e9alisatrices et r\u00e9alisateurs \u2026<\/strong><br \/>Je suis tr\u00e8s fier du montage du dernier long m\u00e9trage \u00ab\u00a0Le dernier acte\u00a0\u00bb de Bruno Fran\u00e7ois-Boucher<br \/>et du premier court m\u00e9trage de Nathalie Roume, \u00ab\u00a0Je t&rsquo;aime d&rsquo;ennui\u00a0\u00bb.<\/p>\n<\/div><\/div>\n\n\n\n<figure class=\"wp-block-embed is-type-video is-provider-vimeo wp-block-embed-vimeo wp-embed-aspect-16-9 wp-has-aspect-ratio\"><div class=\"wp-block-embed__wrapper\">\n<iframe loading=\"lazy\" title=\"Je t&#039;aime d&#039;ennui\" src=\"https:\/\/player.vimeo.com\/video\/123552054?dnt=1&amp;app_id=122963\" width=\"640\" height=\"360\" frameborder=\"0\" allow=\"autoplay; fullscreen; picture-in-picture; clipboard-write\"><\/iframe>\n<\/div><figcaption class=\"wp-element-caption\"><strong>Fiction 2mn36. Sc\u00e9nario, r\u00e9alisation et cadre : Nathalie Roume<\/strong><br \/>Rencontrer l&rsquo;amour, ne pas vieillir seul(e), et se marier.<br \/>Accomplissement du couple, preuve s&rsquo;il en est, du bonheur parfait\u2026<br \/>De l&rsquo;ennui de la solitude \u00e0 l&rsquo;ennui d&rsquo;aimer, voici le dilemme de notre vie.<br \/>Avec : Fred Munoz, Guy Stapell, Delphine Brosset, Bing Yin et les mannequins de Michel-Patrick.<br \/>Voix : Fran\u00e7ois Havez et Nathalie Roume<br \/>Montage : Fran\u00e7ois Havez<\/figcaption><\/figure>\n\n\n\n<p><a href=\"https:\/\/www.linkedin.com\/in\/bruno-fran%C3%A7ois-boucher-a589a112\"><\/a><\/p>\n\n\n\n<blockquote class=\"wp-block-quote is-layout-flow wp-block-quote-is-layout-flow\">\n<ul><\/ul>\n\n\n\n<blockquote class=\"wp-block-quote is-layout-flow wp-block-quote-is-layout-flow\">\n<p><em>Je recommande Fran\u00e7ois qui a assur\u00e9 avec talent le montage de mon dernier long-m\u00e9trage LE DERNIER ACTE. Son exp\u00e9rience, sa technique, ses id\u00e9es et sa bienveillance font en tous points de lui un collaborateur pr\u00e9cieux. <\/em>Bruno Fran\u00e7ois-Boucher, Producteur\/R\u00e9alisateur.<\/p>\n<\/blockquote>\n<\/blockquote>\n\n\n\n<figure class=\"wp-block-image size-full\"><a href=\"https:\/\/imagetemps.fr\/wp-content\/uploads\/2021\/04\/Le-dernier-acte.jpg\"><img loading=\"lazy\" decoding=\"async\" width=\"595\" height=\"842\" src=\"https:\/\/imagetemps.fr\/wp-content\/uploads\/2021\/04\/Le-dernier-acte.jpg\" alt=\"\" class=\"wp-image-2240\" srcset=\"https:\/\/imagetemps.fr\/wp-content\/uploads\/2021\/04\/Le-dernier-acte.jpg 595w, https:\/\/imagetemps.fr\/wp-content\/uploads\/2021\/04\/Le-dernier-acte-212x300.jpg 212w\" sizes=\"(max-width: 595px) 100vw, 595px\" \/><\/a><figcaption class=\"wp-element-caption\"><strong>LE DERNIER ACTE<\/strong><br \/>Un film de Bruno Fran\u00e7ois-Boucher<br \/><strong>Genre :<\/strong>&nbsp;Thriller<br \/><strong>Dur\u00e9e :<\/strong>&nbsp;1h30<br \/><strong>Ann\u00e9e de production :<\/strong>&nbsp;2022<br \/>Sortie en France : Prochainement<br \/><strong>Synopsis :&nbsp;<\/strong>Une jeune femme en r\u00e9\u00e9ducation apr\u00e8s un grave accident de voiture entreprend une \u00e9trange relation par internet. Une liaison qui la fait revenir sur les traces de son pass\u00e9 et se transforme progressivement en cauchemar.<br \/><strong>Avec :&nbsp;<\/strong>S\u00e9gol\u00e8ne Point, Pascal Delaunay, Fran\u00e7ois Le Roux, Ma\u00ef David<br \/><strong>Sc\u00e9nario, Adaptation, Dialogues :<\/strong>&nbsp;Bruno Fran\u00e7ois-Boucher, Pascal Delaunay<br \/><strong>Photo :<\/strong>&nbsp;Etienne Baduel<br \/><strong>Montage :<\/strong>&nbsp;Fran\u00e7ois Havez<br \/><strong>Son :<\/strong>&nbsp;Matteo D\u2019Amico, Th\u00e9o Larroque \/&nbsp;<strong>Mixage :<\/strong>&nbsp;Cl\u00e9ment \u00c9douard \/&nbsp;<strong>Musique :<\/strong>&nbsp;O\u2019Brazzer<br \/><strong>VFX-SFX :<\/strong>&nbsp;atiburcemadeprocess<\/figcaption><\/figure>\n","protected":false},"excerpt":{"rendered":"<p>Monteur confirm\u00e9 de presque tous mes films depuis plusieurs ann\u00e9eset parfois pour d&rsquo;autres r\u00e9alisatrices et r\u00e9alisateurs \u2026Je suis tr\u00e8s fier du montage du dernier long [&hellip;]<\/p>\n","protected":false},"author":2,"featured_media":0,"parent":0,"menu_order":0,"comment_status":"closed","ping_status":"closed","template":"","meta":{"__cvm_playback_settings":[],"__cvm_video_id":"","footnotes":""},"aioseo_notices":[],"jetpack_sharing_enabled":true,"_links":{"self":[{"href":"https:\/\/imagetemps.fr\/index.php?rest_route=\/wp\/v2\/pages\/2231"}],"collection":[{"href":"https:\/\/imagetemps.fr\/index.php?rest_route=\/wp\/v2\/pages"}],"about":[{"href":"https:\/\/imagetemps.fr\/index.php?rest_route=\/wp\/v2\/types\/page"}],"author":[{"embeddable":true,"href":"https:\/\/imagetemps.fr\/index.php?rest_route=\/wp\/v2\/users\/2"}],"replies":[{"embeddable":true,"href":"https:\/\/imagetemps.fr\/index.php?rest_route=%2Fwp%2Fv2%2Fcomments&post=2231"}],"version-history":[{"count":13,"href":"https:\/\/imagetemps.fr\/index.php?rest_route=\/wp\/v2\/pages\/2231\/revisions"}],"predecessor-version":[{"id":2594,"href":"https:\/\/imagetemps.fr\/index.php?rest_route=\/wp\/v2\/pages\/2231\/revisions\/2594"}],"wp:attachment":[{"href":"https:\/\/imagetemps.fr\/index.php?rest_route=%2Fwp%2Fv2%2Fmedia&parent=2231"}],"curies":[{"name":"wp","href":"https:\/\/api.w.org\/{rel}","templated":true}]}}

<div class="wp-block-group"><div class="wp-block-group__inner-container is-layout-constrained wp-block-group-is-layout-constrained">
<p><strong>Monteur confirmé de presque tous mes films depuis plusieurs années<br />et parfois pour d&rsquo;autres réalisatrices et réalisateurs …</strong><br />Je suis très fier du montage du dernier long métrage « Le dernier acte » de Bruno François-Boucher<br />et du premier court métrage de Nathalie Roume, « Je t&rsquo;aime d&rsquo;ennui ».</p>
</div></div>



<figure class="wp-block-embed is-type-video is-provider-vimeo wp-block-embed-vimeo wp-embed-aspect-16-9 wp-has-aspect-ratio"><div class="wp-block-embed__wrapper">
<iframe loading="lazy" title="Je t&#039;aime d&#039;ennui" src="https://player.vimeo.com/video/123552054?dnt=1&amp;app_id=122963" width="640" height="360" frameborder="0" allow="autoplay; fullscreen; picture-in-picture; clipboard-write"></iframe>
</div><figcaption class="wp-element-caption"><strong>Fiction 2mn36. Scénario, réalisation et cadre : Nathalie Roume</strong><br />Rencontrer l&rsquo;amour, ne pas vieillir seul(e), et se marier.<br />Accomplissement du couple, preuve s&rsquo;il en est, du bonheur parfait…<br />De l&rsquo;ennui de la solitude à l&rsquo;ennui d&rsquo;aimer, voici le dilemme de notre vie.<br />Avec : Fred Munoz, Guy Stapell, Delphine Brosset, Bing Yin et les mannequins de Michel-Patrick.<br />Voix : François Havez et Nathalie Roume<br />Montage : François Havez</figcaption></figure>



<p><a href="https://www.linkedin.com/in/bruno-fran%C3%A7ois-boucher-a589a112"></a></p>



<blockquote class="wp-block-quote is-layout-flow wp-block-quote-is-layout-flow">
<ul></ul>



<blockquote class="wp-block-quote is-layout-flow wp-block-quote-is-layout-flow">
<p><em>Je recommande François qui a assuré avec talent le montage de mon dernier long-métrage LE DERNIER ACTE. Son expérience, sa technique, ses idées et sa bienveillance font en tous points de lui un collaborateur précieux. </em>Bruno François-Boucher, Producteur/Réalisateur.</p>
</blockquote>
</blockquote>



<figure class="wp-block-image size-full"><a href="https://imagetemps.fr/wp-content/uploads/2021/04/Le-dernier-acte.jpg"><img loading="lazy" decoding="async" width="595" height="842" src="https://imagetemps.fr/wp-content/uploads/2021/04/Le-dernier-acte.jpg" alt="" class="wp-image-2240" srcset="https://imagetemps.fr/wp-content/uploads/2021/04/Le-dernier-acte.jpg 595w, https://imagetemps.fr/wp-content/uploads/2021/04/Le-dernier-acte-212x300.jpg 212w" sizes="(max-width: 595px) 100vw, 595px" /></a><figcaption class="wp-element-caption"><strong>LE DERNIER ACTE</strong><br />Un film de Bruno François-Boucher<br /><strong>Genre :</strong>&nbsp;Thriller<br /><strong>Durée :</strong>&nbsp;1h30<br /><strong>Année de production :</strong>&nbsp;2022<br />Sortie en France : Prochainement<br /><strong>Synopsis :&nbsp;</strong>Une jeune femme en rééducation après un grave accident de voiture entreprend une étrange relation par internet. Une liaison qui la fait revenir sur les traces de son passé et se transforme progressivement en cauchemar.<br /><strong>Avec :&nbsp;</strong>Ségolène Point, Pascal Delaunay, François Le Roux, Maï David<br /><strong>Scénario, Adaptation, Dialogues :</strong>&nbsp;Bruno François-Boucher, Pascal Delaunay<br /><strong>Photo :</strong>&nbsp;Etienne Baduel<br /><strong>Montage :</strong>&nbsp;François Havez<br /><strong>Son :</strong>&nbsp;Matteo D’Amico, Théo Larroque /&nbsp;<strong>Mixage :</strong>&nbsp;Clément Édouard /&nbsp;<strong>Musique :</strong>&nbsp;O’Brazzer<br /><strong>VFX-SFX :</strong>&nbsp;atiburcemadeprocess</figcaption></figure>

<p>Monteur confirmé de presque tous mes films depuis plusieurs annéeset parfois pour d&rsquo;autres réalisatrices et réalisateurs …Je suis très fier du montage du dernier long [&hellip;]</p>
